the units digit of 2/(-4)*-14*v?
7
Suppose 3*g = g - 4. Let s = g - -2. What is the units digit of 1/(1/2 - s)?
2
Suppose 6*n + 7*n = 507. What is the tens digit of n?
3
Let v(b) = 7*b**3 - 2*b**2 + 5*b + 2. Let i(f) = f**3 + f. Let z(j) = 6*i(j) - v(j). Let k be z(2). Suppose k = -0*p - 5*p + 35. What is the units digit of p?
7
Suppose 21 + 13 = 2*x. Let c = -30 + 48. Suppose x = 5*s - c. What is the units digit of s?
7
Suppose 3*o = -3*g + 21, o + 26 = 3*g + 5*o. Let f = 1 + g. Suppose -f*a + 5*c + 24 - 6 = 0, -3*a - 3*c - 6 = 0. What is the units digit of a?
1
Let w = 62 + -42. What is the tens digit of w?
2
Let j(b) = -b - 3. Let t = -1 - 3. What is the units digit of j(t)?
1
Let z(s) be the second derivative of s**5/20 + 5*s**4/6 + 4*s**3/3 - 2*s**2 - 4*s. What is the units digit of z(-9)?
5
Let v(k) = -2*k**2 + 3*k. Let h be v(2). Let w be h*(0 - 65/2). What is the units digit of 8/(-36) - w/(-9)?
7
Let c(d) be the first derivative of -d**3/3 - 3*d**2 - 3*d + 4. What is the units digit of c(-4)?
5
Let y = -119 - -361. What is the tens digit of y?
4
Let t(k) = -k**2 - 5*k - 4. Let w be t(-7). Let g = -9 - w. What is the units digit of g?
9
What is the tens digit of (-94)/(4 + -3 - 3)?
4
Suppose 0 = -l - 5, 2*f + 4*l = 2*l + 16. Suppose -2*p + 4*v = -73 - f, 0 = -2*p + 2*v + 88. What is the tens digit of p?
4
Suppose n = -0*n + 16. What is the tens digit of n?
1
Suppose 3*w = -2*w + 45. Let l = w - 0. What is the units digit of l?
9
Suppose -v + 6*v - 100 = 0. Suppose 5*o + 1 = -4, -5*p - v = 5*o. Let w(s) = -s**3 - 3*s**2 - s - 1. What is the units digit of w(p)?
2
Let h be (0 - -4 - -2) + -3. Let b be -2 + -1 + 4 + h. Suppose -5*l + 32 = -3*n, b*n - 3 + 6 = l. What is the units digit of l?
7
Let z(l) = l**3 - 8*l**2 - 5*l - 12. Let k be z(9). Suppose b = 3*b - k. What is the units digit of b?
2
Suppose -3*i = -2*i - 3*v + 3, 2*i + 3 = 3*v. Suppose -n + 2*a = 3*n, n = 5*a - 18. What is the units digit of -9*(-3 + n + i)?
9
Let n(h) = -4*h**3 + h + 1. What is the units digit of n(-2)?
1
Let a be (-208)/(-12) + (-4)/(-6). What is the units digit of 2 + (a + 2)*1?
2
Let w be 20/(-30) - (-20)/3. Let a = w - 0. What is the units digit of a?
6
Suppose -36 = -2*i - 6*u + 4*u, -2 = u. What is the units digit of i?
0
Let m = 25 + -19. What is the units digit of m?
6
What is the units digit of 33/7 + 4/14?
5
Let h(n) = -n + 4. Let v be h(-6). Suppose -11 = -2*c - 5*q, 2*c + 2*q - 4 = v. Suppose -35 + c = -3*y. What is the units digit of y?
9
Suppose 0 = 4*h - 3 - 25. Suppose 3*w - h = -j + 32, -2*j = 2*w - 78. What is the tens digit of j?
3
Let o be -4 - (-3 - -1) - -4. Suppose -29 = -x - 3*m, -50 = -o*x - m - m. What is the tens digit of x?
2
Suppose -170 = -3*n - 2*n. Suppose -17 = -3*u + n. Suppose u = 3*b - 2*l, 9*b = 4*b - 4*l + 65. What is the units digit of b?
9
Suppose 5*r = -m + 122, 111 - 490 = -3*m - 2*r. What is the units digit of m?
7
Suppose 4*j - 407 + 31 = 0. What is the units digit of j?
4
Let n be -1 + -1 - (-10)/(-2). Let t be (-1*4)/((-28)/(-42)). What is the units digit of -3*n/((-21)/t)?
6
Let f(y) = y**3 + 4. What is the tens digit of f(3)?
3
Let t(l) = -l**3 - 8*l**2 + 8*l + 6. What is the units digit of t(-9)?
5
Suppose -3*x = -8*x + 285. What is the units digit of x?
7
Let s(r) = -17*r + 1. Let m(y) = y**3 - 5*y**2 - 6*y + 1. Let d be m(6). Let w(j) = -j. Let v(q) = d*s(q) - 6*w(q). What is the units digit of v(-1)?
2
Let b(f) = f**2 + 6*f + 23. What is the tens digit of b(-12)?
9
Let y(c) = c + 18. Let i = -4 - -4. Let r be y(i). Suppose 5*v = 7 + r. What is the units digit of v?
5
Let n be ((-11)/(-2))/(2/(-4)). Let x be (1 - 2) + (2 - n). Let j = x + -7. What is the units digit of j?
5
Let g(r) = -r + 26. What is the units digit of g(0)?
6
Suppose -9*a = 57 - 1236. What is the units digit of a?
1
Let r be (-24)/(-9)*198/4. Suppose o = 4*o - r. What is the units digit of o?
4
Suppose -20 = -4*d, -5*n + 621 = 5*d - 129. What is the hundreds digit of n?
1
Suppose -2*i = -10, 5*q - 4*i = -0*q. What is the units digit of q?
4
Suppose 4*l - 2*l + 25 = 5*z, 2*z = 5*l + 31. Let b be (1/z)/((-3)/(-198)). Suppose 5*n + 7 = b. What is the units digit of n?
3
What is the units digit of (5/(-5))/1 - (1 - 218)?
6
Let v(z) = -3*z**2 + 3*z + 4. Let i(f) = -8*f**2 + 8*f + 11. Let l(r) = 4*i(r) - 11*v(r). Let g be l(1). Suppose g = -b - 1 + 16. What is the tens digit of b?
1
Let x(v) = -v**2 - 11*v + 4. What is the tens digit of x(-9)?
2
Let u(d) = -d**2 + 6. Let b = -3 + 3. What is the units digit of u(b)?
6
Let r be (2/3)/(2/(-72)). Let k be ((-7)/((-7)/39))/1. Let y = r + k. What is the units digit of y?
5
Let r(b) = -2*b**2 - 9*b - 4. Let d(a) = -3*a**2 - 17*a - 8. Let h(n) = 3*d(n) - 5*r(n). What is the units digit of h(7)?
3
Let b = -38 - -53. Suppose 3*a - 5 = 2*z + 1, b = -3*a - 5*z. What is the units digit of 1 + a/(0 - 3)?
1
Let f = 7 - 7. Suppose -5*o + 40 + 145 = f. What is the units digit of o?
7
Let j = -11 + 11. Suppose -4*d + 2*u + 82 + 16 = j, -2*d + 19 = 5*u. What is the units digit of d?
2
Suppose -3*j + 73 = -z, 2*j - 122 = -3*j + 2*z. Suppose 6*b - 10*b = -80. Suppose -3*w + 2*m + b = -j, -3*w + 42 = -3*m. What is the tens digit of w?
1
Let k(q) = -q**2 - 11*q + 10. What is the tens digit of k(-11)?
1
Let u be (-5)/(-10) + 9/(-2). Let c(o) = o**3 + 4*o**2 - 2*o. What is the units digit of c(u)?
8
Let l(j) = -j - 10. Let s be l(-14). Suppose -5*r - 120 = -5*o, 4*o - o - s*r - 75 = 0. What is the units digit of o?
1
Let r = -170 + 318. What is the units digit of r?
8
Let q = -8 - -4. Let i(s) = -3*s + 2. What is the units digit of i(q)?
4
Let v(q) = -q**3 - 5*q**2 - q - 17. What is the tens digit of v(-7)?
8
What is the units digit of 38/12 - 2/12?
3
Let s = -19 - -36. Suppose -2*f + 1 + 4 = o, o - s = 2*f. What is the units digit of o?
1
Suppose 0 = 3*a - 2*a - 61. Suppose -5*c + a = -194. Suppose 0*i - c = -3*i. What is the tens digit of i?
1
Suppose n = 2 + 5. Suppose 0 = -f + 3 - n. Let v = f + 21. What is the tens digit of v?
1
Let k = 16 + -14. Suppose 30 = 3*n + 3*y, 5*n + k*y - 80 = 7*y. What is the units digit of n?
3
Suppose 2*j = 26 + 2. What is the units digit of j?
4
Suppose -7*v = -5*v + 66. Let s = v - -49. What is the units digit of s?
6
Let p(b) = 4*b**3 - 4*b**2 + 5*b. Let u(j) = -3*j**3 + 5*j**2 - 5*j. Let n(r) = 2*p(r) + 3*u(r). What is the units digit of n(6)?
6
Suppose w - 7 = -0. What is the units digit of (-2259)/(-63) + 1/w?
6
Let j = 18 + 23. Let x = -29 + j. What is the tens digit of x?
1
Let q = 7 + -13. What is the units digit of (-2)/4*(-14 - q)?
4
Let w(s) = s**3 + 4*s**2 - s - 1. Let h be w(-4). Suppose -h*z = z - 24. What is the units digit of z?
6
Let i be 240*2/(-4)*-11. Let o be i/39 + 6/39. Suppose 0*z - 2*z = -3*n - 24, -3*z + 4*n + o = 0. What is the units digit of z?
6
Suppose 3*l = -2*w + 4*l + 69, w - 2*l - 30 = 0. What is the tens digit of w?
3
Let b = 202 - 130. What is the units digit of b?
2
Suppose -5*l + 5 = -10. Suppose 2*q - 5*r = -2, -5*q = -0*q - 2*r - 16. Suppose q*u + 44 = l*n, 2*n - 25 - 8 = -u. What is the units digit of n?
6
Let c(q) = 3*q**2 - 2*q - 7. Let p be c(5). Suppose p = 5*k - 32. What is the tens digit of k?
1
Let i(o) = -o**3 - 4*o**2 + 4*o + 2. What is the units digit of i(-6)?
0
Suppose -2 - 1 = m, 4*j = 3*m + 149. Suppose j = 2*i - 1. What is the tens digit of i?
1
Let r(n) = -n**3 + 2*n**2 - 4*n - 7. What is the units digit of r(-4)?
5
Suppose -5*m + 30 = 5*i, 5*m + i - 35 + 9 = 0. Let q = 10 - m. What is the units digit of 1*q/(-1)*-1?
5
Let c(k) be the first derivative of k**4/4 - 3*k**3 + k**2/2 + 10*k + 7. What is the units digit of c(9)?
9
Let g = 272 + -119. Suppose 0 = 4*v - g + 17. What is the units digit of v?
4
Let s(t) = 9*t + 5. What is the tens digit of s(3)?
3
What is the hundreds digit of (4 - 39/9)/((-1)/303)?
1
Let w = 13 - 20. Let u = -7 - w. Suppose 2*s + u - 10 = 0. What is the units digit of s?
5
Suppose 4*k - 120 = 2*y, -7 = k - 3*y - 27. What is the tens digit of k?
3
Suppose -13 = -2*n - c, 3*c - c + 28 = 2*n. What is the units digit of n?
9
Let w(o) = 4*o**2 + 7*o - 7. Let i be w(-7). Suppose 156 - 46 = 4*c - 3*p, -5*p = -5*c + i. What is the tens digit of c?
2
Let a(q) = 5*q - 1. Let u be a(2). Let z be (-92)/u + (-4)